{"id":72,"date":"2021-09-18T16:06:07","date_gmt":"2021-09-18T16:06:07","guid":{"rendered":"https:\/\/seo.pixelmarketing.eu\/?page_id=72"},"modified":"2021-10-13T07:42:39","modified_gmt":"2021-10-13T07:42:39","slug":"einzelne-person-2","status":"publish","type":"page","link":"https:\/\/was-wir-denken.de\/?page_id=72","title":{"rendered":"Einzelberatung"},"content":{"rendered":"<div class=\"one_half_fluid\">\n<p>Manchmal kommen wir allein nicht weiter und stecken fest. Um Gelassenheit und Klarheit \u00fcber eine Situation zu gewinnen und um m\u00f6gliche L\u00f6sungswege zu erkennen, fehlt uns h\u00e4ufig selbst die emotionale Distanz.<\/p>\n<p>Ich unterst\u00fctze Sie dabei, sich besser zu verstehen, Handlungsspielr\u00e4ume zu erweitern und L\u00f6sungen zu finden. Manchmal reicht es schon, mit einer neutralen Person Situationen zu besprechen und Umst\u00e4nde zu sortieren um Klarheit zu gewinnen.<\/p>\n<p>Denkbare Anliegen <a href=\"https:\/\/was-wir-denken.de\/?page_id=129\" target=\"_blank\" rel=\"noopener\"> klick &gt;&gt;&gt;<\/a><a href=\"https:\/\/was-wir-denken.de\/?page_id=129\" target=\"_blank\" rel=\"noopener\"><\/p>\n<p><\/a><\/p>\n<\/div>\n<div class=\"one_half_fluid last\">\n\u2026\u2026\u2026\u2026\u2026\u2026\u2026\u2026\u2026\u2026\u2026\u2026\u2026\u2026\u2026\u2026\u2026\u2026\u2026\u2026\u2026\u2026\u2026\u2026\u2026\u2026\u2026\u2026\u2026\u2026\u2026\u2026\u2026\u2026..<br \/>\nEin Esel der unschl\u00fcssig zwischen 2 Heuhaufen steht und \u00fcberlegt, welchen er zuerst fressen soll, steht in einer symmetrischen Balance, aber verhungert. Um zu essen, mu\u00df er sich bewegen, die Balance, die Symmetrie aufgeben.<br \/>\n<strong>\u201eYou can\u00b4t move a boat without rocking it.&#8220;<\/strong> <em>Virginia Satir<\/em><br \/>\n\u2026\u2026\u2026\u2026\u2026\u2026\u2026\u2026\u2026\u2026\u2026\u2026\u2026\u2026\u2026\u2026\u2026\u2026\u2026\u2026\u2026\u2026\u2026\u2026\u2026\u2026\u2026\u2026\u2026\u2026\u2026\u2026\u2026\u2026..<\/p>\n<\/div>\n<div class=\"clear\"><\/div>\n","protected":false},"excerpt":{"rendered":"","protected":false},"author":1,"featured_media":0,"parent":64,"menu_order":0,"comment_status":"closed","ping_status":"closed","template":"","meta":{"ngg_post_thumbnail":0,"footnotes":""},"class_list":["post-72","page","type-page","status-publish","hentry"],"_links":{"self":[{"href":"https:\/\/was-wir-denken.de\/index.php?rest_route=\/wp\/v2\/pages\/72","targetHints":{"allow":["GET"]}}],"collection":[{"href":"https:\/\/was-wir-denken.de\/index.php?rest_route=\/wp\/v2\/pages"}],"about":[{"href":"https:\/\/was-wir-denken.de\/index.php?rest_route=\/wp\/v2\/types\/page"}],"author":[{"embeddable":true,"href":"https:\/\/was-wir-denken.de\/index.php?rest_route=\/wp\/v2\/users\/1"}],"replies":[{"embeddable":true,"href":"https:\/\/was-wir-denken.de\/index.php?rest_route=%2Fwp%2Fv2%2Fcomments&post=72"}],"version-history":[{"count":1,"href":"https:\/\/was-wir-denken.de\/index.php?rest_route=\/wp\/v2\/pages\/72\/revisions"}],"predecessor-version":[{"id":257,"href":"https:\/\/was-wir-denken.de\/index.php?rest_route=\/wp\/v2\/pages\/72\/revisions\/257"}],"up":[{"embeddable":true,"href":"https:\/\/was-wir-denken.de\/index.php?rest_route=\/wp\/v2\/pages\/64"}],"wp:attachment":[{"href":"https:\/\/was-wir-denken.de\/index.php?rest_route=%2Fwp%2Fv2%2Fmedia&parent=72"}],"curies":[{"name":"wp","href":"https:\/\/api.w.org\/{rel}","templated":true}]}}