{"id":149,"date":"2021-09-18T17:07:30","date_gmt":"2021-09-18T17:07:30","guid":{"rendered":"https:\/\/seo.pixelmarketing.eu\/?page_id=149"},"modified":"2021-09-18T17:07:30","modified_gmt":"2021-09-18T17:07:30","slug":"impressum","status":"publish","type":"page","link":"https:\/\/was-wir-denken.de\/?page_id=149","title":{"rendered":"Impressum"},"content":{"rendered":"<h4 class=\"wp-block-heading\"><strong>Das Impressum<\/strong><\/h4>\n<h3 class=\"wp-block-heading\">Angaben gem\u00e4\u00df \u00a7 5 TMG, Verantwortlich f\u00fcr den Inhalt nach \u00a7 55 Abs. 2 RStV, &nbsp; Marina Biene<\/h3>\n<p>Brackeler Hellweg 138<br \/>44309 Dortmund<\/p>\n<p>Telefon: 0170 4444124<\/p>\n<h2 class=\"wp-block-heading\">Haftungsausschluss:<\/h2>\n<p><strong>Haftung f\u00fcr Inhalte<\/strong><\/p>\n<p>Die Inhalte unserer Seiten wurden mit gr\u00f6\u00dfter Sorgfalt erstellt.<br \/>F\u00fcr die Richtigkeit, Vollst\u00e4ndigkeit und Aktualit\u00e4t der Inhalte<br \/>k\u00f6nnen wir jedoch keine Gew\u00e4hr \u00fcbernehmen. Als Diensteanbieter sind wir gem\u00e4\u00df \u00a7 7 Abs.1 TMG f\u00fcr<br \/>eigene Inhalte auf diesen Seiten nach den allgemeinen Gesetzen verantwortlich.<br \/>Nach \u00a7\u00a7 8 bis 10 TMG sind wir als Diensteanbieter jedoch nicht<br \/>verpflichtet, \u00fcbermittelte oder gespeicherte fremde Informationen zu<br \/>\u00fcberwachen oder nach Umst\u00e4nden zu forschen, die auf eine rechtswidrige<br \/>T\u00e4tigkeit hinweisen. Verpflichtungen zur Entfernung oder Sperrung der<br \/>Nutzung von Informationen nach den allgemeinen Gesetzen bleiben hiervon<br \/>unber\u00fchrt. Eine diesbez\u00fcgliche Haftung ist jedoch erst ab dem<br \/>Zeitpunkt der Kenntnis einer konkreten Rechtsverletzung m\u00f6glich. Bei<br \/>Bekanntwerden von entsprechenden Rechtsverletzungen werden wir diese Inhalte<br \/>umgehend entfernen.<\/p>\n<p><strong>Haftung f\u00fcr Links<\/strong><\/p>\n<p>Unser Angebot enth\u00e4lt Links zu externen Webseiten Dritter, auf deren<br \/>Inhalte wir keinen Einfluss haben. Deshalb k\u00f6nnen wir f\u00fcr diese<br \/>fremden Inhalte auch keine Gew\u00e4hr \u00fcbernehmen. F\u00fcr die Inhalte<br \/>der verlinkten Seiten ist stets der jeweilige Anbieter oder Betreiber der<br \/>Seiten verantwortlich. Die verlinkten Seiten wurden zum Zeitpunkt der Verlinkung<br \/>auf m\u00f6gliche Rechtsverst\u00f6\u00dfe \u00fcberpr\u00fcft. Rechtswidrige<br \/>Inhalte waren zum Zeitpunkt der Verlinkung nicht erkennbar. Eine permanente<br \/>inhaltliche Kontrolle der verlinkten Seiten ist jedoch ohne konkrete Anhaltspunkte<br \/>einer Rechtsverletzung nicht zumutbar. Bei Bekanntwerden von Rechtsverletzungen<br \/>werden wir derartige Links umgehend entfernen.<\/p>\n<p><strong>Urheberrecht<\/strong><\/p>\n<p>Die durch die Seitenbetreiber erstellten Inhalte und Werke auf diesen Seiten<br \/>unterliegen dem deutschen Urheberrecht. Die Vervielf\u00e4ltigung, Bearbeitung, Verbreitung und<br \/>jede Art der Verwertung au\u00dferhalb der Grenzen des Urheberrechtes bed\u00fcrfen<br \/>der schriftlichen Zustimmung des jeweiligen Autors bzw. Erstellers. Downloads<br \/>und Kopien dieser Seite sind nur f\u00fcr den privaten, nicht kommerziellen<br \/>Gebrauch gestattet. Soweit die Inhalte auf dieser Seite nicht vom Betreiber erstellt wurden,<br \/>werden die Urheberrechte Dritter beachtet. Insbesondere werden Inhalte Dritter als solche<br \/>gekennzeichnet. Sollten Sie trotzdem auf eine Urheberrechtsverletzung aufmerksam werden, bitten wir um einen entsprechenden Hinweis.<br \/>Bei Bekanntwerden von Rechtsverletzungen werden wir derartige Inhalte umgehend entfernen.<\/p>\n<p><strong>Datenschutz<\/strong><\/p>\n<p>Die Nutzung unserer Webseite ist in der Regel ohne Angabe personenbezogener Daten m\u00f6glich. Soweit auf unseren Seiten personenbezogene Daten (beispielsweise Name,<br \/>Anschrift oder eMail-Adressen) erhoben werden, erfolgt dies, soweit m\u00f6glich, stets auf freiwilliger Basis. Diese Daten werden ohne Ihre ausdr\u00fcckliche Zustimmung nicht an Dritte weitergegeben.<\/p>\n<p>Wir weisen darauf hin, dass die Daten\u00fcbertragung im Internet (z.B.<br \/>bei der Kommunikation per E-Mail) Sicherheitsl\u00fccken aufweisen kann.<br \/>Ein l\u00fcckenloser Schutz der Daten vor dem Zugriff durch Dritte ist nicht<br \/>m\u00f6glich.<\/p>\n<p>Der Nutzung von im Rahmen der Impressumspflicht ver\u00f6ffentlichten Kontaktdaten<br \/>durch Dritte zur \u00dcbersendung von nicht ausdr\u00fccklich angeforderter<br \/>Werbung und Informationsmaterialien wird hiermit ausdr\u00fccklich widersprochen.<br \/>Die Betreiber der Seiten behalten sich ausdr\u00fccklich rechtliche Schritte<br \/>im Falle der unverlangten Zusendung von Werbeinformationen, etwa durch Spam-Mails,<br \/>vor.<\/p>\n","protected":false},"excerpt":{"rendered":"<p>Das Impressum Angaben gem\u00e4\u00df \u00a7 5 TMG, Verantwortlich f\u00fcr den Inhalt nach \u00a7 55 Abs. 2 RStV, &nbsp; Marina Biene Brackeler Hellweg 13844309 Dortmund Telefon: 0170 4444124 Haftungsausschluss: Haftung f\u00fcr Inhalte Die Inhalte unserer Seiten wurden mit gr\u00f6\u00dfter Sorgfalt erstellt.F\u00fcr die Richtigkeit, Vollst\u00e4ndigkeit und Aktualit\u00e4t der Inhaltek\u00f6nnen wir jedoch keine Gew\u00e4hr \u00fcbernehmen. Als Diensteanbieter sind [&hellip;]<\/p>\n","protected":false},"author":1,"featured_media":0,"parent":0,"menu_order":0,"comment_status":"closed","ping_status":"closed","template":"","meta":{"ngg_post_thumbnail":0,"footnotes":""},"class_list":["post-149","page","type-page","status-publish","hentry"],"_links":{"self":[{"href":"https:\/\/was-wir-denken.de\/index.php?rest_route=\/wp\/v2\/pages\/149","targetHints":{"allow":["GET"]}}],"collection":[{"href":"https:\/\/was-wir-denken.de\/index.php?rest_route=\/wp\/v2\/pages"}],"about":[{"href":"https:\/\/was-wir-denken.de\/index.php?rest_route=\/wp\/v2\/types\/page"}],"author":[{"embeddable":true,"href":"https:\/\/was-wir-denken.de\/index.php?rest_route=\/wp\/v2\/users\/1"}],"replies":[{"embeddable":true,"href":"https:\/\/was-wir-denken.de\/index.php?rest_route=%2Fwp%2Fv2%2Fcomments&post=149"}],"version-history":[{"count":0,"href":"https:\/\/was-wir-denken.de\/index.php?rest_route=\/wp\/v2\/pages\/149\/revisions"}],"wp:attachment":[{"href":"https:\/\/was-wir-denken.de\/index.php?rest_route=%2Fwp%2Fv2%2Fmedia&parent=149"}],"curies":[{"name":"wp","href":"https:\/\/api.w.org\/{rel}","templated":true}]}}

<h4 class="wp-block-heading"><strong>Das Impressum</strong></h4>
<h3 class="wp-block-heading">Angaben gemäß § 5 TMG, Verantwortlich für den Inhalt nach § 55 Abs. 2 RStV, &nbsp; Marina Biene</h3>
<p>Brackeler Hellweg 138<br />44309 Dortmund</p>
<p>Telefon: 0170 4444124</p>
<h2 class="wp-block-heading">Haftungsausschluss:</h2>
<p><strong>Haftung für Inhalte</strong></p>
<p>Die Inhalte unserer Seiten wurden mit größter Sorgfalt erstellt.<br />Für die Richtigkeit, Vollständigkeit und Aktualität der Inhalte<br />können wir jedoch keine Gewähr übernehmen. Als Diensteanbieter sind wir gemäß § 7 Abs.1 TMG für<br />eigene Inhalte auf diesen Seiten nach den allgemeinen Gesetzen verantwortlich.<br />Nach §§ 8 bis 10 TMG sind wir als Diensteanbieter jedoch nicht<br />verpflichtet, übermittelte oder gespeicherte fremde Informationen zu<br />überwachen oder nach Umständen zu forschen, die auf eine rechtswidrige<br />Tätigkeit hinweisen. Verpflichtungen zur Entfernung oder Sperrung der<br />Nutzung von Informationen nach den allgemeinen Gesetzen bleiben hiervon<br />unberührt. Eine diesbezügliche Haftung ist jedoch erst ab dem<br />Zeitpunkt der Kenntnis einer konkreten Rechtsverletzung möglich. Bei<br />Bekanntwerden von entsprechenden Rechtsverletzungen werden wir diese Inhalte<br />umgehend entfernen.</p>
<p><strong>Haftung für Links</strong></p>
<p>Unser Angebot enthält Links zu externen Webseiten Dritter, auf deren<br />Inhalte wir keinen Einfluss haben. Deshalb können wir für diese<br />fremden Inhalte auch keine Gewähr übernehmen. Für die Inhalte<br />der verlinkten Seiten ist stets der jeweilige Anbieter oder Betreiber der<br />Seiten verantwortlich. Die verlinkten Seiten wurden zum Zeitpunkt der Verlinkung<br />auf mögliche Rechtsverstöße überprüft. Rechtswidrige<br />Inhalte waren zum Zeitpunkt der Verlinkung nicht erkennbar. Eine permanente<br />inhaltliche Kontrolle der verlinkten Seiten ist jedoch ohne konkrete Anhaltspunkte<br />einer Rechtsverletzung nicht zumutbar. Bei Bekanntwerden von Rechtsverletzungen<br />werden wir derartige Links umgehend entfernen.</p>
<p><strong>Urheberrecht</strong></p>
<p>Die durch die Seitenbetreiber erstellten Inhalte und Werke auf diesen Seiten<br />unterliegen dem deutschen Urheberrecht. Die Vervielfältigung, Bearbeitung, Verbreitung und<br />jede Art der Verwertung außerhalb der Grenzen des Urheberrechtes bedürfen<br />der schriftlichen Zustimmung des jeweiligen Autors bzw. Erstellers. Downloads<br />und Kopien dieser Seite sind nur für den privaten, nicht kommerziellen<br />Gebrauch gestattet. Soweit die Inhalte auf dieser Seite nicht vom Betreiber erstellt wurden,<br />werden die Urheberrechte Dritter beachtet. Insbesondere werden Inhalte Dritter als solche<br />gekennzeichnet. Sollten Sie trotzdem auf eine Urheberrechtsverletzung aufmerksam werden, bitten wir um einen entsprechenden Hinweis.<br />Bei Bekanntwerden von Rechtsverletzungen werden wir derartige Inhalte umgehend entfernen.</p>
<p><strong>Datenschutz</strong></p>
<p>Die Nutzung unserer Webseite ist in der Regel ohne Angabe personenbezogener Daten möglich. Soweit auf unseren Seiten personenbezogene Daten (beispielsweise Name,<br />Anschrift oder eMail-Adressen) erhoben werden, erfolgt dies, soweit möglich, stets auf freiwilliger Basis. Diese Daten werden ohne Ihre ausdrückliche Zustimmung nicht an Dritte weitergegeben.</p>
<p>Wir weisen darauf hin, dass die Datenübertragung im Internet (z.B.<br />bei der Kommunikation per E-Mail) Sicherheitslücken aufweisen kann.<br />Ein lückenloser Schutz der Daten vor dem Zugriff durch Dritte ist nicht<br />möglich.</p>
<p>Der Nutzung von im Rahmen der Impressumspflicht veröffentlichten Kontaktdaten<br />durch Dritte zur Übersendung von nicht ausdrücklich angeforderter<br />Werbung und Informationsmaterialien wird hiermit ausdrücklich widersprochen.<br />Die Betreiber der Seiten behalten sich ausdrücklich rechtliche Schritte<br />im Falle der unverlangten Zusendung von Werbeinformationen, etwa durch Spam-Mails,<br />vor.</p>

<p>Das Impressum Angaben gemäß § 5 TMG, Verantwortlich für den Inhalt nach § 55 Abs. 2 RStV, &nbsp; Marina Biene Brackeler Hellweg 13844309 Dortmund Telefon: 0170 4444124 Haftungsausschluss: Haftung für Inhalte Die Inhalte unserer Seiten wurden mit größter Sorgfalt erstellt.Für die Richtigkeit, Vollständigkeit und Aktualität der Inhaltekönnen wir jedoch keine Gewähr übernehmen. Als Diensteanbieter sind [&hellip;]</p>
